4?
4
What is the tens digit of 197812?
1
What is the hundred thousands digit of 746751?
7
What is the units digit of 3939?
9
What is the ten thousands digit of 4888242?
8
What is the units digit of 574424?
4
What is the thousands digit of 3585160?
5
What is the hundred thousands digit of 1679050?
6
What is the ten millions digit of 12935255?
1
What is the tens digit of 122892?
9
What is the millions digit of 1647330?
1
What is the units digit of 8466447?
7
What is the hundreds digit of 10941890?
8
What is the hundred thousands digit of 5713942?
7
What is the hundreds digit of 3204261?
2
What is the thousands digit of 26625427?
5
What is the ten thousands digit of 2139589?
3
What is the thousands digit of 66177?
6
What is the ten thousands digit of 281385?
8
What is the ten thousands digit of 1953056?
5
What is the tens digit of 445226?
2
What is the units digit of 294168?
8
What is the hundreds digit of 1156471?
4
What is the units digit of 6203573?
3
What is the tens digit of 34141263?
6
What is the ten millions digit of 15353738?
1
What is the hundreds digit of 90774?
7
What is the thousands digit of 68893?
8
What is the hundred thousands digit of 477209?
4
What is the units digit of 558690?
0
What is the thousands digit of 1246698?
6
What is the hundreds digit of 218043?
0
What is the thousands digit of 2197593?
7
What is the ten thousands digit of 211135?
1
What is the units digit of 718221?
1
What is the tens digit of 2133123?
2
What is the units digit of 4873029?
9
What is the ten thousands digit of 9149574?
4
What is the hundreds digit of 2052769?
7
What is the tens digit of 477397?
9
What is the thousands digit of 11609954?
9
What is the ten thousands digit of 14612150?
1
What is the ten millions digit of 13388383?
1
What is the hundreds digit of 3094823?
8
What is the hundred thousands digit of 193511?
1
What is the hundreds digit of 16830013?
0
What is the hundred thousands digit of 639812?
6
What is the hundred thousands digit of 2041521?
0
What is the hundreds digit of 3193275?
2
What is the hundreds digit of 1602821?
8
What is the millions digit of 4489318?
4
What is the thousands digit of 546623?
6
What is the hundreds digit of 331891?
8
What is the ten millions digit of 11530149?
1
What is the thousands digit of 20494?
0
What is the tens digit of 2212412?
1
What is the units digit of 4627974?
4
What is the units digit of 9955135?
5
What is the ten thousands digit of 107143?
0
What is the tens digit of 257949?
4
What is the thousands digit of 29303368?
3
What is the ten thousands digit of 589633?
8
What is the tens digit of 4273865?
6
What is the hundreds digit of 17090877?
8
What is the units digit of 246415?
5
What is the tens digit of 857082?
8
What is the thousands digit of 7470047?
0
What is the tens digit of 172715?
1
What is the units digit of 878874?
4
What is the thousands digit of 2313290?
3
What is the hundred thousands digit of 8465078?
4
What is the thousands digit of 694011?
4
What is the tens digit of 171409?
0
What is the ten thousands digit of 1293020?
9
What is the units digit of 36852096?
6
What is the units digit of 1961638?
8
What is the hundreds digit of 574207?
2
What is the thousands digit of 2490863?
0
What is the hundreds digit of 52177?
1
What is the units digit of 382615?
5
What is the hundred thousands digit of 3651566?
6
What is the hundred thousands digit of 229730?
2
What is the hundred thousands digit of 2408325?
4
What is the millions digit of 3757892?
3
What is the hundred thousands digit of 11476405?
4
What is the units digit of 3763246?
6
What is the tens digit of 68062?
6
What is the tens digit of 19753475?
7
What is the ten thousands digit of 1000568?
0
What is the tens digit of 12641?
4
What is the hundreds digit of 2457399?
3
What is the thousands digit of 228331?
8
What is the hundreds digit of 5968469?
4
What is the thousands digit of 772528?
2
What is the tens digit of 456882?
8
What is the tens digit of 13029044?
4
What is the hundred thousands digit of 191048?
1
What is the units digit of 220278?
8
What is the thousands digit of 99351?
9
What is the hundred thousands digit of 1532573?
5
What is the tens digit of 1124737?
3
What is the units digit of 69810?
0
What is the hundred thousands digit of 204608?
2
What is the units digit of 5309123?
3
What is the units digit of 639523?
3
What is the millions digit of 2314516?
2
What is the thousands digit of 60608?
0
What is the tens digit of 364377?
7
What is the tens digit of 2736618?
1
What is the ten thousands digit of 677435?
7
What is the hundred thousands digit of 6331785?
3
What is the hundreds digit of 5688752?
7
What is the tens digit of 3414092?
9
What is the tens digit of 462689?
8
What is the ten thousands digit of 13379675?
7
What is the ten thousands digit of 924557?
2
What is the hundreds digit of 834620?
6
What is the thousands digit of 365116?
5
What is the hundreds digit of 1922832?
8
What is the units digit of 1847884?
4
What is the hundred thousands digit of 17577749?
5
What is the units digit of 8550475?
5
What is the thousands digit of 1587281?
7
What is the ten thousands digit of 20566?
2
What is the tens digit of 801497?
9
What is the ten thousands digit of 195540?
9
What is the millions digit of 26088333?
6
What is the tens digit of 16488017?
1
What is the hundreds digit of 410067?
0
What is the tens digit of 2510627?
2
What is the hundreds digit of 27687427?
4
What is the millions digit of 22818233?
2
What is the thousands digit of 2318160?
8
What is the thousands digit of 3284698?
4
What is the thousands digit of 205626?
5
What is the units digit of 13168658?
8
What is the ten millions digit of 14350467?
1
What is the thousands digit of 106188?
6
What is the hundred thousands digit of 576996?
5
What is the millions digit of 4654680?
4
What is the hundred thousands digit of 6807110?
8
What is the hundreds digit of 940464?
4
What is the ten thousands digit of 2356037?
5
What is the ten thousands digit of 26496?
2
What is the hundreds digit of 137780?
7
What is the thousands digit of 19397?
9
What is the hundred thousands digit of 3223786?
2
What is the hundreds digit of 470300?
3
What is the thousands digit of 2757407?
7
What is the units digit of 232151?
1
What is the ten millions digit of 12314731?
1
What is the thousands digit of 1146046?
6
What is the hundreds digit of 461257?
2
What is the ten thousands digit of 329734?
2
What is the thousands digit of 2037304?
7
What is the tens digit of 105711?
1
What is the tens digit of 256636?
3
What is the hundred thousands digit of 1999723?
9
What is the ten thousands digit of 99632?
9
What is the ten thousands digit of 8889446?
8
What is the hundred thousands digit of 26539476?
5
What is the ten thousands digit of 92438?
9
What is the hundreds digit of 197208?
2
What is the thousands digit of 11162?
1
What is the tens digit of 965454?
5
What is the units digit of 3941677?
7
What is the units digit of 91706?
6
What is the hundred thousands digit of 4500122?
5
What is the ten thousands digit of 22726141?
2
What is the thousands digit of 2806245?
6
What is the ten thousands digit of 644320?
4
What is the ten thousands digit of 116432?
1
What is the hundreds digit of 2060696?
6
What is the hundred thousands digit of 194090?
1
What is the thousands digit of 1878904?
8
What is the ten thousands digit of 333251?
3
What is the units digit of 3012909?
9
What is the tens digit of 57127?
2
What is the hundreds digit of 759427?
4
What is the units digit of 1559805?
5
What is the hundreds digit of 213310?
3
What is the units digit of 1822902?
2
What is the hundred thousands digit of 193193?
1
What is the ten thousands digit of 293900?
9
What is the hundred thousands digit of 3241466?
2
What is the hundreds digit of 1210919?
9
What is the units digit of 27715797?
7
What is the tens digit of 2053781?
8
What is the hundred thousands digit of 14878752?
8
What is the ten thousands digit of 2645076?
4
What is the hundreds digit of 56928?
9
What is the tens digit of 715594?
9
What is the hundreds digit of 59095?
0
What is the hundred thousands digit of 26209570?
2
What is the thousands digit of 280717?
0
What is the tens digit of 552197?
9
What is the ten millions digit of 10221099?
1
